
9
What is the hundreds digit of 1354?
3
What is the hundreds digit of 2468?
4
What is the thousands digit of 1374?
1
What is the ten thousands digit of 29364?
2
What is the tens digit of 5595?
9
What is the units digit of 1836?
6
What is the tens digit of 71975?
7
What is the thousands digit of 2806?
2
What is the hundreds digit of 10718?
7
What is the thousands digit of 10412?
0
What is the hundreds digit of 394?
3
What is the units digit of 3214?
4
What is the tens digit of 830?
3
What is the units digit of 56360?
0
What is the thousands digit of 10828?
0
What is the thousands digit of 4866?
4
What is the hundreds digit of 39192?
1
What is the units digit of 350?
0
What is the units digit of 985?
5
What is the tens digit of 799?
9
What is the hundreds digit of 155?
1
What is the tens digit of 3801?
0
What is the thousands digit of 18783?
8
What is the thousands digit of 69136?
9
What is the ten thousands digit of 62503?
6
What is the thousands digit of 1574?
1
What is the thousands digit of 1660?
1
What is the tens digit of 4338?
3
What is the hundreds digit of 7740?
7
What is the tens digit of 6602?
0
What is the thousands digit of 42105?
2
What is the units digit of 70?
0
What is the tens digit of 3783?
8
What is the units digit of 762?
2
What is the thousands digit of 4141?
4
What is the units digit of 1797?
7
What is the hundreds digit of 136413?
4
What is the hundreds digit of 779?
7
What is the units digit of 320?
0
What is the units digit of 119?
9
What is the units digit of 663?
3
What is the tens digit of 725?
2
What is the tens digit of 47873?
7
What is the units digit of 72741?
1
What is the ten thousands digit of 154707?
5
What is the hundreds digit of 476?
4
What is the tens digit of 6218?
1
What is the hundreds digit of 17624?
6
What is the hundreds digit of 3935?
9
What is the hundreds digit of 2744?
7
What is the tens digit of 3645?
4
What is the ten thousands digit of 68453?
6
What is the units digit of 393?
3
What is the hundreds digit of 2929?
9
What is the hundreds digit of 7020?
0
What is the units digit of 190?
0
What is the thousands digit of 5449?
5
What is the ten thousands digit of 24156?
2
What is the hundreds digit of 1169?
1
What is the units digit of 9604?
4
What is the thousands digit of 22328?
2
What is the thousands digit of 10526?
0
What is the tens digit of 71359?
5
What is the thousands digit of 7360?
7
What is the tens digit of 3126?
2
What is the units digit of 602?
2
What is the thousands digit of 11558?
1
What is the units digit of 78875?
5
What is the hundreds digit of 53462?
4
What is the thousands digit of 2870?
2
What is the hundreds digit of 440?
4
What is the hundreds digit of 18453?
4
What is the hundreds digit of 19449?
4
What is the units digit of 3483?
3
What is the units digit of 107957?
7
What is the units digit of 3561?
1
What is the tens digit of 346?
4
What is the thousands digit of 1118?
1
What is the hundreds digit of 27816?
8
What is the units digit of 26194?
4
What is the thousands digit of 1408?
1
What is the units digit of 123899?
9
What is the hundreds digit of 1738?
7
What is the tens digit of 3420?
2
What is the tens digit of 1511?
1
What is the hundreds digit of 3327?
3
What is the units digit of 937?
7
What is the units digit of 1069?
9
What is the tens digit of 405?
0
What is the thousands digit of 34488?
4
What is the tens digit of 20689?
8
What is the hundreds digit of 686?
6
What is the tens digit of 2442?
4
What is the hundreds digit of 8549?
5
What is the units digit of 68308?
8
What is the tens digit of 1009?
0
What is the thousands digit of 28478?
8
What is the units digit of 72878?
8
What is the thousands digit of 14884?
4
What is the units digit of 713?
3
What is the units digit of 198?
8
What is the tens digit of 45?
4
What is the units digit of 3628?
8
What is the thousands digit of 1566?
1
What is the units digit of 3363?
3
What is the hundreds digit of 4340?
3
What is the units digit of 207?
7
What is the ten thousands digit of 19917?
1
What is the thousands digit of 27772?
7
What is the ten thousands digit of 32760?
3
What is the tens digit of 34081?
8
What is the units digit of 62567?
7
What is the ten thousands digit of 35275?
3
What is the ten thousands digit of 15528?
1
What is the units digit of 10801?
1
What is the units digit of 3769?
9
What is the thousands digit of 4343?
4
What is the thousands digit of 4950?
4
What is the units digit of 465?
5
What is the units digit of 22627?
7
What is the hundreds digit of 1700?
7
What is the tens digit of 5458?
5
What is the ten thousands digit of 35378?
3
What is the thousands digit of 4938?
4
What is the units digit of 776?
6
What is the hundreds digit of 460?
4
What is the tens digit of 2967?
6
What is the tens digit of 63147?
4
What is the tens digit of 1512?
1
What is the tens digit of 860?
6
What is the hundreds digit of 880?
8
What is the tens digit of 35082?
8
What is the tens digit of 3011?
1
What is the tens digit of 512?
1
What is the units digit of 910?
0
What is the hundreds digit of 9250?
2
What is the tens digit of 6459?
5
What is the tens digit of 1751?
5
What is the thousands digit of 14234?
4
What is the tens digit of 77841?
4
What is the hundreds digit of 4089?
0
What is the tens digit of 92831?
3
What is the units digit of 7143?
3
What is the hundreds digit of 3937?
9
What is the hundreds digit of 10409?
4
What is the thousands digit of 2679?
2
What is the units digit of 7598?
8
What is the tens digit of 800?
0
What is the thousands digit of 9487?
9
What is the thousands digit of 118822?
8
What is the tens digit of 350?
5
What is the hundreds digit of 451?
4
What is the thousands digit of 16284?
6
What is the tens digit of 365?
6
What is the hundreds digit of 199?
1
What is the hundreds digit of 477?
4
What is the tens digit of 7516?
1
What is the thousands digit of 3113?
3
What is the hundreds digit of 2317?
3
What is the units digit of 35359?
9
What is the ten thousands digit of 41768?
4
What is the thousands digit of 8808?
8
What is the ten thousands digit of 10113?
1
What is the units digit of 964?
4
What is the tens digit of 9713?
1
What is the units digit of 164266?
6
What is the tens digit of 1491?
9
What is the thousands digit of 8156?
8
What is the thousands digit of 20682?
0
What is the tens digit of 3524?
2
What is the hundreds digit of 1991?
9
What is the units digit of 6807?
7
What is the thousands digit of 40587?
0
What is the tens digit of 31340?
4
What is the hundreds digit of 797?
7
What is the thousands digit of 6885?
6
What is the ten thousands digit of 25096?
2
What is the thousands digit of 6564?
6
What is the thousands digit of 88151?
8
What is the hundreds digit of 770?
7
What is the hundreds digit of 997?
9
What is the tens digit of 6283?
8
What is the units digit of 91?
1
What is the thousands digit of 3280?
3
What is the hundreds digit of 8389?
3
What is the tens digit of 4535?
3
What is the units digit of 13813?
3
What is the ten thousands digit of 68619?
6
What is the units digit of 1325?
5
What is the hundreds digit of 832?
8
What is the hundreds digit of 1098?
0
What is the hundreds digit of 108907?
9
What is the thousands digit of 39952?
9
What is the thousands digit of 10612?
0
What is the hundreds digit of 1122?
1
What is the thousands digit of 48739?
8
What is the units digit of 6104?
4
What is the tens digit of 25500?
0
What is the units digit of 814?
4
What is the hundreds digit of 1224?
2
What is the hundreds digit of 1052?
0
What is the ten thousands digit of 12800?
1
What is the units digit of 5881?
1
What is the units digit of 20785?
5
What is the units digit of 17859?
9
What is the units digit of 96?
6
What is the tens digit of 1149?
4
What is the ten thousands digit of 22360?
2
What is the tens digit of 2792?
9
What is the thousands digit of 22703?
2
What is the thousands digit of 2496?
2
What is the ten thousands digit of 14627?
1
What is the units digit of 14109?
9
What is the units digit of 1017?
7
What is the hundreds digit of 13169?
1
What is the thousands digit of 1144?
1
What is the thousands digit of 5709?
5
What is the hundreds digit of 8637?
6
What is the thousands digit of 5059?
5
What is the hundreds digit of 6892?
8
What is the thousand